[INFO] cloning repository https://github.com/RuneBlaze/microrgss
[INFO] running `Command { std: "git" "-c" "credential.helper=" "-c" "credential.helper=/workspace/cargo-home/bin/git-credential-null" "clone" "--bare" "https://github.com/RuneBlaze/microrgss" "/workspace/cache/git-repos/https%3A%2F%2Fgithub.com%2FRuneBlaze%2Fmicrorgss", kill_on_drop: false }`
[INFO] [stderr] Cloning into bare repository '/workspace/cache/git-repos/https%3A%2F%2Fgithub.com%2FRuneBlaze%2Fmicrorgss'...
[INFO] running `Command { std: "git" "rev-parse" "HEAD", kill_on_drop: false }`
[INFO] [stdout] bf45b7894ed3944cef97b6a476a785e6bb7049df
[INFO] checking RuneBlaze/microrgss against master#cfbc6d4cf1acbac5c025acf8ed68929caa551df3 for pr-75494-beta
[INFO] running `Command { std: "git" "clone" "/workspace/cache/git-repos/https%3A%2F%2Fgithub.com%2FRuneBlaze%2Fmicrorgss" "/workspace/builds/worker-5/source", kill_on_drop: false }`
[INFO] [stderr] Cloning into '/workspace/builds/worker-5/source'...
[INFO] [stderr] done.
[INFO] validating manifest of git repo https://github.com/RuneBlaze/microrgss on toolchain cfbc6d4cf1acbac5c025acf8ed68929caa551df3
[INFO] running `Command { std: "/workspace/cargo-home/bin/cargo" "+cfbc6d4cf1acbac5c025acf8ed68929caa551df3" "read-manifest" "--manifest-path" "Cargo.toml", kill_on_drop: false }`
[INFO] started tweaking git repo https://github.com/RuneBlaze/microrgss
[INFO] finished tweaking git repo https://github.com/RuneBlaze/microrgss
[INFO] tweaked toml for git repo https://github.com/RuneBlaze/microrgss written to /workspace/builds/worker-5/source/Cargo.toml
[INFO] crate git repo https://github.com/RuneBlaze/microrgss already has a lockfile, it will not be regenerated
[INFO] running `Command { std: "/workspace/cargo-home/bin/cargo" "+cfbc6d4cf1acbac5c025acf8ed68929caa551df3" "fetch" "--locked" "--manifest-path" "Cargo.toml", kill_on_drop: false }`
[INFO] [stderr]     Updating git repository `https://github.com/koute/app-dirs-rs`
[INFO] [stderr]  Downloading crates ...
[INFO] [stderr]   Downloaded tar v0.4.14
[INFO] [stderr]   Downloaded khronos_api v2.1.0
[INFO] [stderr]   Downloaded serde v1.0.34
[INFO] [stderr]   Downloaded alsa-sys v0.1.1
[INFO] [stderr]   Downloaded mrusty v1.0.0
[INFO] [stderr]   Downloaded rodio v0.5.2
[INFO] [stderr]   Downloaded alga v0.5.3
[INFO] [stderr]   Downloaded sid v0.5.0
[INFO] [stderr]   Downloaded lyon_path v0.10.0
[INFO] [stderr]   Downloaded lyon v0.10.0
[INFO] [stderr]   Downloaded gfx_window_sdl v0.8.0
[INFO] [stderr]   Downloaded nalgebra v0.14.1
[INFO] [stderr]   Downloaded rusttype v0.3.0
[INFO] [stderr]   Downloaded smart-default v0.2.0
[INFO] [stderr]   Downloaded euclid v0.17.2
[INFO] [stderr]   Downloaded gfx_device_gl v0.15.2
[INFO] [stderr]   Downloaded cpal v0.4.6
[INFO] [stderr]   Downloaded lyon_geom v0.10.0
[INFO] [stderr]   Downloaded serde_derive v1.0.34
[INFO] [stderr]   Downloaded cc v1.0.9
[INFO] [stderr]   Downloaded serde_derive_internals v0.22.0
[INFO] [stderr]   Downloaded futures v0.1.19
[INFO] [stderr]   Downloaded lyon_tessellation v0.10.0
[INFO] [stderr]   Downloaded ggez v0.4.1
[INFO] running `Command { std: "docker" "create" "-v" "/var/lib/crater-agent-workspace/builds/worker-5/target:/opt/rustwide/target:rw,Z" "-v" "/var/lib/crater-agent-workspace/builds/worker-5/source:/opt/rustwide/workdir:ro,Z" "-v" "/var/lib/crater-agent-workspace/cargo-home:/opt/rustwide/cargo-home:ro,Z" "-v" "/var/lib/crater-agent-workspace/rustup-home:/opt/rustwide/rustup-home:ro,Z" "-e" "SOURCE_DIR=/opt/rustwide/workdir" "-e" "CARGO_TARGET_DIR=/opt/rustwide/target" "-e" "CARGO_HOME=/opt/rustwide/cargo-home" "-e" "RUSTUP_HOME=/opt/rustwide/rustup-home" "-w" "/opt/rustwide/workdir" "-m" "1610612736" "--user" "0:0" "--network" "none" "rustops/crates-build-env@sha256:a636fd89d022f18117e1dc8fb37a0a009933cdbbe082814857f0e2024962d47c" "/opt/rustwide/cargo-home/bin/cargo" "+cfbc6d4cf1acbac5c025acf8ed68929caa551df3" "metadata" "--no-deps" "--format-version=1", kill_on_drop: false }`
[INFO] [stdout] ed6e0af490de09b55512fe050388c668872a692b09d5bf9530dae75191478b71
[INFO] [stderr] WARNING: Your kernel does not support swap limit capabilities or the cgroup is not mounted. Memory limited without swap.
[INFO] running `Command { std: "docker" "start" "-a" "ed6e0af490de09b55512fe050388c668872a692b09d5bf9530dae75191478b71", kill_on_drop: false }`
[INFO] running `Command { std: "docker" "inspect" "ed6e0af490de09b55512fe050388c668872a692b09d5bf9530dae75191478b71", kill_on_drop: false }`
[INFO] running `Command { std: "docker" "rm" "-f" "ed6e0af490de09b55512fe050388c668872a692b09d5bf9530dae75191478b71", kill_on_drop: false }`
[INFO] [stdout] ed6e0af490de09b55512fe050388c668872a692b09d5bf9530dae75191478b71
[INFO] running `Command { std: "docker" "create" "-v" "/var/lib/crater-agent-workspace/builds/worker-5/target:/opt/rustwide/target:rw,Z" "-v" "/var/lib/crater-agent-workspace/builds/worker-5/source:/opt/rustwide/workdir:ro,Z" "-v" "/var/lib/crater-agent-workspace/cargo-home:/opt/rustwide/cargo-home:ro,Z" "-v" "/var/lib/crater-agent-workspace/rustup-home:/opt/rustwide/rustup-home:ro,Z" "-e" "SOURCE_DIR=/opt/rustwide/workdir" "-e" "CARGO_TARGET_DIR=/opt/rustwide/target" "-e" "CARGO_INCREMENTAL=0" "-e" "RUST_BACKTRACE=full" "-e" "RUSTFLAGS=--cap-lints=forbid" "-e" "CARGO_HOME=/opt/rustwide/cargo-home" "-e" "RUSTUP_HOME=/opt/rustwide/rustup-home" "-w" "/opt/rustwide/workdir" "-m" "1610612736" "--user" "0:0" "--network" "none" "rustops/crates-build-env@sha256:a636fd89d022f18117e1dc8fb37a0a009933cdbbe082814857f0e2024962d47c" "/opt/rustwide/cargo-home/bin/cargo" "+cfbc6d4cf1acbac5c025acf8ed68929caa551df3" "check" "--frozen" "--all" "--all-targets" "--message-format=json", kill_on_drop: false }`
[INFO] [stdout] 9de47ba47fefc59abed7dfa014f5eedde4a87a35e9bf1ca6122aa8f8d6c305fc
[INFO] [stderr] WARNING: Your kernel does not support swap limit capabilities or the cgroup is not mounted. Memory limited without swap.
[INFO] running `Command { std: "docker" "start" "-a" "9de47ba47fefc59abed7dfa014f5eedde4a87a35e9bf1ca6122aa8f8d6c305fc", kill_on_drop: false }`
[INFO] [stderr]     Blocking waiting for file lock on package cache
[INFO] [stderr]     Checking libc v0.2.39
[INFO] [stderr]     Checking nodrop v0.1.12
[INFO] [stderr]     Checking cfg-if v0.1.2
[INFO] [stderr]    Compiling unicode-xid v0.0.4
[INFO] [stderr]    Compiling cc v1.0.9
[INFO] [stderr]     Checking byteorder v1.2.1
[INFO] [stderr]    Compiling quote v0.3.15
[INFO] [stderr]     Checking adler32 v1.0.2
[INFO] [stderr]     Checking bitflags v1.0.1
[INFO] [stderr]     Checking scopeguard v0.3.3
[INFO] [stderr]    Compiling khronos_api v2.1.0
[INFO] [stderr]    Compiling build_const v0.2.0
[INFO] [stderr]     Checking memoffset v0.2.1
[INFO] [stderr]    Compiling either v1.4.0
[INFO] [stderr]    Compiling pkg-config v0.3.9
[INFO] [stderr]    Compiling typenum v1.10.0
[INFO] [stderr]     Checking lazy_static v0.2.11
[INFO] [stderr]     Checking approx v0.1.1
[INFO] [stderr]     Checking futures v0.1.19
[INFO] [stderr]     Checking color_quant v1.0.0
[INFO] [stderr]     Checking serde v1.0.34
[INFO] [stderr]     Checking lazy_static v0.1.16
[INFO] [stderr]     Checking hound v1.1.0
[INFO] [stderr]     Checking scoped_threadpool v0.1.9
[INFO] [stderr]     Checking num-traits v0.1.43
[INFO] [stderr]    Compiling log v0.4.1
[INFO] [stderr]    Compiling proc-macro2 v0.2.3
[INFO] [stderr]     Checking crossbeam-utils v0.2.2
[INFO] [stderr]     Checking arrayvec v0.4.7
[INFO] [stderr]    Compiling synom v0.11.3
[INFO] [stderr]    Compiling xml-rs v0.7.0
[INFO] [stderr]    Compiling itertools v0.5.10
[INFO] [stderr]     Checking num-complex v0.1.43
[INFO] [stderr]     Checking unreachable v0.1.1
[INFO] [stderr]     Checking draw_state v0.8.0
[INFO] [stderr]     Checking inflate v0.3.4
[INFO] [stderr]     Checking app_dirs v1.1.1 (https://github.com/koute/app-dirs-rs#4a5c9679)
[INFO] [stderr]    Compiling syn v0.10.8
[INFO] [stderr]     Checking num-rational v0.1.42
[INFO] [stderr]     Checking gif v0.9.2
[INFO] [stderr]     Checking ogg v0.4.1
[INFO] [stderr]     Checking deflate v0.7.17
[INFO] [stderr]     Checking stb_truetype v0.2.2
[INFO] [stderr]     Checking euclid v0.17.2
[INFO] [stderr]     Checking sid v0.5.0
[INFO] [stderr]     Checking enum_primitive v0.1.1
[INFO] [stderr]    Compiling crc v1.7.0
[INFO] [stderr]    Compiling syn v0.11.11
[INFO] [stderr]     Checking rand v0.4.2
[INFO] [stderr]     Checking num_cpus v1.8.0
[INFO] [stderr]     Checking miniz_oxide v0.1.2
[INFO] [stderr]     Checking time v0.1.39
[INFO] [stderr]     Checking ordered-float v0.5.0
[INFO] [stderr]    Compiling kernel32-sys v0.2.2
[INFO] [stderr]    Compiling xattr v0.1.11
[INFO] [stderr]    Compiling filetime v0.1.15
[INFO] [stderr]     Checking crossbeam-epoch v0.3.1
[INFO] [stderr]    Compiling quote v0.4.2
[INFO] [stderr]    Compiling alsa-sys v0.1.1
[INFO] [stderr]     Checking alga v0.5.3
[INFO] [stderr]     Checking lewton v0.5.2
[INFO] [stderr]     Checking lyon_geom v0.10.0
[INFO] [stderr]    Compiling gl_generator v0.9.0
[INFO] [stderr]    Compiling walkdir v0.1.8
[INFO] [stderr]     Checking rusttype v0.3.0
[INFO] [stderr]     Checking png v0.11.0
[INFO] [stderr]    Compiling tar v0.4.14
[INFO] [stderr]     Checking msdos_time v0.1.5
[INFO] [stderr]    Compiling syn v0.12.14
[INFO] [stderr]     Checking crossbeam-deque v0.2.0
[INFO] [stderr]     Checking rand v0.3.22
[INFO] [stderr]    Compiling miniz_oxide_c_api v0.1.2
[INFO] [stderr]    Compiling bzip2-sys v0.1.6
[INFO] [stderr]     Checking lyon_path v0.10.0
[INFO] [stderr]     Checking rayon-core v1.4.0
[INFO] [stderr]     Checking sdl2 v0.31.0
[INFO] [stderr]     Checking cgmath v0.14.1
[INFO] [stderr]     Checking generic-array v0.8.3
[INFO] [stderr]     Checking cpal v0.4.6
[INFO] [stderr]     Checking lyon_tessellation v0.10.0
[INFO] [stderr]     Checking nalgebra v0.14.1
[INFO] [stderr]     Checking flate2 v1.0.1
[INFO] [stderr]    Compiling mrusty v1.0.0
[INFO] [stderr]     Checking rayon v1.0.1
[INFO] [stderr]    Compiling gfx_gl v0.5.0
[INFO] [stderr]     Checking lyon v0.10.0
[INFO] [stderr]    Compiling smart-default v0.2.0
[INFO] [stderr] error: failed to run custom build command for `mrusty v1.0.0`
[INFO] [stderr] 
[INFO] [stderr] Caused by:
[INFO] [stderr]   process didn't exit successfully: `/opt/rustwide/target/debug/build/mrusty-9ee430cc6848ef45/build-script-build` (exit code: 101)
[INFO] [stderr]   --- stderr
[INFO] [stderr]   thread 'main' panicked at 'called `Result::unwrap()` on an `Err` value: Custom { kind: Other, error: TarError { desc: "failed to create `target`", io: Os { code: 30, kind: Other, message: "Read-only file system" } } }', /opt/rustwide/cargo-home/registry/src/github.com-1ecc6299db9ec823/mrusty-1.0.0/build.rs:26:30
[INFO] [stderr]   stack backtrace:
[INFO] [stderr]      0:     0x55c0c768c005 - backtrace::backtrace::libunwind::trace::h5e2646fa3eddf2ea
[INFO] [stderr]                                  at /cargo/registry/src/github.com-1ecc6299db9ec823/backtrace-0.3.46/src/backtrace/libunwind.rs:86
[INFO] [stderr]      1:     0x55c0c768c005 - backtrace::backtrace::trace_unsynchronized::hb95dd7f77ce47877
[INFO] [stderr]                                  at /cargo/registry/src/github.com-1ecc6299db9ec823/backtrace-0.3.46/src/backtrace/mod.rs:66
[INFO] [stderr]      2:     0x55c0c768c005 - std::sys_common::backtrace::_print_fmt::h5e71b67af43fd70d
[INFO] [stderr]                                  at src/libstd/sys_common/backtrace.rs:78
[INFO] [stderr]      3:     0x55c0c768c005 - <std::sys_common::backtrace::_print::DisplayBacktrace as core::fmt::Display>::fmt::hdb4a83d2b61107e5
[INFO] [stderr]                                  at src/libstd/sys_common/backtrace.rs:59
[INFO] [stderr]      4:     0x55c0c76b16bc - core::fmt::write::ha20e7262fa3e8a7a
[INFO] [stderr]                                  at src/libcore/fmt/mod.rs:1076
[INFO] [stderr]      5:     0x55c0c7688022 - std::io::Write::write_fmt::h1aebfe8a5a79e36d
[INFO] [stderr]                                  at src/libstd/io/mod.rs:1537
[INFO] [stderr]      6:     0x55c0c768e790 - std::sys_common::backtrace::_print::h9c07314cc66ba539
[INFO] [stderr]                                  at src/libstd/sys_common/backtrace.rs:62
[INFO] [stderr]      7:     0x55c0c768e790 - std::sys_common::backtrace::print::hd1fd65f49a2d8544
[INFO] [stderr]                                  at src/libstd/sys_common/backtrace.rs:49
[INFO] [stderr]      8:     0x55c0c768e790 - std::panicking::default_hook::{{closure}}::h222da46485ab36fc
[INFO] [stderr]                                  at src/libstd/panicking.rs:198
[INFO] [stderr]      9:     0x55c0c768e4dc - std::panicking::default_hook::hc5868949d129ed00
[INFO] [stderr]                                  at src/libstd/panicking.rs:217
[INFO] [stderr]     10:     0x55c0c768edd3 - std::panicking::rust_panic_with_hook::h26a6ab8b0993c0c8
[INFO] [stderr]                                  at src/libstd/panicking.rs:526
[INFO] [stderr]     11:     0x55c0c768e9cb - rust_begin_unwind
[INFO] [stderr]                                  at src/libstd/panicking.rs:437
[INFO] [stderr]     12:     0x55c0c76b0ac1 - core::panicking::panic_fmt::h17139c2000299725
[INFO] [stderr]                                  at src/libcore/panicking.rs:85
[INFO] [stderr]     13:     0x55c0c76b08e3 - core::option::expect_none_failed::h972f96abb4ec8952
[INFO] [stderr]                                  at src/libcore/option.rs:1269
[INFO] [stderr]     14:     0x55c0c766a170 - core::result::Result<T,E>::unwrap::h4bb45b58d1773c0a
[INFO] [stderr]                                  at /rustc/cfbc6d4cf1acbac5c025acf8ed68929caa551df3/src/libcore/result.rs:1005
[INFO] [stderr]     15:     0x55c0c760bb81 - build_script_build::main::h8ce8d65ca572e4fb
[INFO] [stderr]                                  at /opt/rustwide/cargo-home/registry/src/github.com-1ecc6299db9ec823/mrusty-1.0.0/build.rs:26
[INFO] [stderr]     16:     0x55c0c760c46b - std::rt::lang_start::{{closure}}::hdaa8b9da4e6844dc
[INFO] [stderr]                                  at /rustc/cfbc6d4cf1acbac5c025acf8ed68929caa551df3/src/libstd/rt.rs:67
[INFO] [stderr]     17:     0x55c0c768f1a3 - std::rt::lang_start_internal::{{closure}}::h84a998219831fa70
[INFO] [stderr]                                  at src/libstd/rt.rs:52
[INFO] [stderr]     18:     0x55c0c768f1a3 - std::panicking::try::do_call::he8e1d689a3e26def
[INFO] [stderr]                                  at src/libstd/panicking.rs:348
[INFO] [stderr]     19:     0x55c0c768f1a3 - std::panicking::try::h264b6eebc2fa7bbf
[INFO] [stderr]                                  at src/libstd/panicking.rs:325
[INFO] [stderr]     20:     0x55c0c768f1a3 - std::panic::catch_unwind::hbf28fafa723b2128
[INFO] [stderr]                                  at src/libstd/panic.rs:394
[INFO] [stderr]     21:     0x55c0c768f1a3 - std::rt::lang_start_internal::he959aa59bc3ec202
[INFO] [stderr]                                  at src/libstd/rt.rs:51
[INFO] [stderr]     22:     0x55c0c760c447 - std::rt::lang_start::h52d8955d7833928a
[INFO] [stderr]                                  at /rustc/cfbc6d4cf1acbac5c025acf8ed68929caa551df3/src/libstd/rt.rs:67
[INFO] [stderr]     23:     0x55c0c760c10a - main
[INFO] [stderr]     24:     0x7f3c238bc0b3 - __libc_start_main
[INFO] [stderr]     25:     0x55c0c760b1ae - _start
[INFO] [stderr]     26:                0x0 - <unknown>
[INFO] [stderr] warning: build failed, waiting for other jobs to finish...
[INFO] [stdout] error[E0119]: conflicting implementations of trait `std::ops::Mul<&_>` for type `geometry::translation::Translation<_, _>`:
[INFO] [stdout]    --> /opt/rustwide/cargo-home/registry/src/github.com-1ecc6299db9ec823/nalgebra-0.14.1/src/geometry/isometry_ops.rs:67:9
[INFO] [stdout]     |
[INFO] [stdout] 67  | /         impl<$($lives ,)* N: Real, D: DimName, R> $Op<$Rhs> for $Lhs
[INFO] [stdout] 68  | |             where R: AlgaRotation<Point<N, D>>,
[INFO] [stdout] 69  | |                   DefaultAllocator: Allocator<N, D> {
[INFO] [stdout] 70  | |             type Output = $Output;
[INFO] [stdout] ...   |
[INFO] [stdout] 75  | |             }
[INFO] [stdout] 76  | |         }
[INFO] [stdout]     | |         ^
[INFO] [stdout]     | |         |
[INFO] [stdout]     | |_________first implementation here
[INFO] [stdout]     |           conflicting implementation for `geometry::translation::Translation<_, _>`
[INFO] [stdout] ...
[INFO] [stdout] 285 | / isometry_binop_impl_all!(
[INFO] [stdout] 286 | |     Mul, mul;
[INFO] [stdout] 287 | |     self: Translation<N, D>, right: R, Output = Isometry<N, D, R>;
[INFO] [stdout] 288 | |     [val val] => Isometry::from_parts(self, right);
[INFO] [stdout] ...   |
[INFO] [stdout] 291 | |     [ref ref] => Isometry::from_parts(self.clone(), right.clone());
[INFO] [stdout] 292 | | );
[INFO] [stdout]     | |__- in this macro invocation
[INFO] [stdout]     |
[INFO] [stdout]     = note: downstream crates may implement trait `alga::linear::Rotation<geometry::point::Point<_, _>>` for type `&_`
[INFO] [stdout]     = note: this error originates in a macro (in Nightly builds, run with -Z macro-backtrace for more info)
[INFO] [stdout] 
[INFO] [stdout] 
[INFO] [stdout] error[E0119]: conflicting implementations of trait `std::ops::Mul<&_>` for type `&geometry::translation::Translation<_, _>`:
[INFO] [stdout]    --> /opt/rustwide/cargo-home/registry/src/github.com-1ecc6299db9ec823/nalgebra-0.14.1/src/geometry/isometry_ops.rs:67:9
[INFO] [stdout]     |
[INFO] [stdout] 67  | /         impl<$($lives ,)* N: Real, D: DimName, R> $Op<$Rhs> for $Lhs
[INFO] [stdout] 68  | |             where R: AlgaRotation<Point<N, D>>,
[INFO] [stdout] 69  | |                   DefaultAllocator: Allocator<N, D> {
[INFO] [stdout] 70  | |             type Output = $Output;
[INFO] [stdout] ...   |
[INFO] [stdout] 75  | |             }
[INFO] [stdout] 76  | |         }
[INFO] [stdout]     | |         ^
[INFO] [stdout]     | |         |
[INFO] [stdout]     | |_________first implementation here
[INFO] [stdout]     |           conflicting implementation for `&geometry::translation::Translation<_, _>`
[INFO] [stdout] ...
[INFO] [stdout] 285 | / isometry_binop_impl_all!(
[INFO] [stdout] 286 | |     Mul, mul;
[INFO] [stdout] 287 | |     self: Translation<N, D>, right: R, Output = Isometry<N, D, R>;
[INFO] [stdout] 288 | |     [val val] => Isometry::from_parts(self, right);
[INFO] [stdout] ...   |
[INFO] [stdout] 291 | |     [ref ref] => Isometry::from_parts(self.clone(), right.clone());
[INFO] [stdout] 292 | | );
[INFO] [stdout]     | |__- in this macro invocation
[INFO] [stdout]     |
[INFO] [stdout]     = note: downstream crates may implement trait `alga::linear::Rotation<geometry::point::Point<_, _>>` for type `&_`
[INFO] [stdout]     = note: this error originates in a macro (in Nightly builds, run with -Z macro-backtrace for more info)
[INFO] [stdout] 
[INFO] [stdout] 
[INFO] [stdout] error[E0592]: duplicate definitions with name `new`
[INFO] [stdout]    --> /opt/rustwide/cargo-home/registry/src/github.com-1ecc6299db9ec823/nalgebra-0.14.1/src/core/construction.rs:489:13
[INFO] [stdout]     |
[INFO] [stdout] 489 | /             pub fn new($($args: N),*) -> Self {
[INFO] [stdout] 490 | |                 unsafe {
[INFO] [stdout] 491 | |                     let mut res = Self::new_uninitialized();
[INFO] [stdout] 492 | |                     $( *res.get_unchecked_mut($irow, $icol) = $args; )*
[INFO] [stdout] ...   |
[INFO] [stdout] 495 | |                 }
[INFO] [stdout] 496 | |             }
[INFO] [stdout]     | |_____________^ duplicate definitions for `new`
[INFO] [stdout] ...
[INFO] [stdout] 501 | / componentwise_constructors_impl!(
[INFO] [stdout] 502 | |     /*
[INFO] [stdout] 503 | |      * Square matrices 1 .. 6.
[INFO] [stdout] 504 | |      */
[INFO] [stdout] ...   |
[INFO] [stdout] 643 | |     U6, U1, x:(0,0), y:(1,0), z:(2,0), w:(3,0), a:(4,0), b:(5,0);
[INFO] [stdout] 644 | | );
[INFO] [stdout]     | |__- in this macro invocation
[INFO] [stdout]     | 
[INFO] [stdout]    ::: /opt/rustwide/cargo-home/registry/src/github.com-1ecc6299db9ec823/nalgebra-0.14.1/src/core/construction_slice.rs:161:13
[INFO] [stdout]     |
[INFO] [stdout] 161 | /             pub fn new(data: &'a [N], $($args: usize),*) -> Self {
[INFO] [stdout] 162 | |                 Self::new_generic(data, $($gargs),*)
[INFO] [stdout] 163 | |             }
[INFO] [stdout]     | |_____________- other definition for `new`
[INFO] [stdout]     |
[INFO] [stdout]     = note: this error originates in a macro (in Nightly builds, run with -Z macro-backtrace for more info)
[INFO] [stdout] 
[INFO] [stdout] 
[INFO] [stdout] error[E0592]: duplicate definitions with name `new`
[INFO] [stdout]    --> /opt/rustwide/cargo-home/registry/src/github.com-1ecc6299db9ec823/nalgebra-0.14.1/src/core/construction.rs:489:13
[INFO] [stdout]     |
[INFO] [stdout] 489 | /             pub fn new($($args: N),*) -> Self {
[INFO] [stdout] 490 | |                 unsafe {
[INFO] [stdout] 491 | |                     let mut res = Self::new_uninitialized();
[INFO] [stdout] 492 | |                     $( *res.get_unchecked_mut($irow, $icol) = $args; )*
[INFO] [stdout] ...   |
[INFO] [stdout] 495 | |                 }
[INFO] [stdout] 496 | |             }
[INFO] [stdout]     | |_____________^ duplicate definitions for `new`
[INFO] [stdout] ...
[INFO] [stdout] 501 | / componentwise_constructors_impl!(
[INFO] [stdout] 502 | |     /*
[INFO] [stdout] 503 | |      * Square matrices 1 .. 6.
[INFO] [stdout] 504 | |      */
[INFO] [stdout] ...   |
[INFO] [stdout] 643 | |     U6, U1, x:(0,0), y:(1,0), z:(2,0), w:(3,0), a:(4,0), b:(5,0);
[INFO] [stdout] 644 | | );
[INFO] [stdout]     | |__- in this macro invocation
[INFO] [stdout]     | 
[INFO] [stdout]    ::: /opt/rustwide/cargo-home/registry/src/github.com-1ecc6299db9ec823/nalgebra-0.14.1/src/core/construction_slice.rs:218:13
[INFO] [stdout]     |
[INFO] [stdout] 218 | /             pub fn new(data: &'a mut [N], $($args: usize),*) -> Self {
[INFO] [stdout] 219 | |                 Self::new_generic_mut(data, $($gargs),*)
[INFO] [stdout] 220 | |             }
[INFO] [stdout]     | |_____________- other definition for `new`
[INFO] [stdout]     |
[INFO] [stdout]     = note: this error originates in a macro (in Nightly builds, run with -Z macro-backtrace for more info)
[INFO] [stdout] 
[INFO] [stdout] 
[INFO] [stdout] error: aborting due to 4 previous errors
[INFO] [stdout] 
[INFO] [stdout] 
[INFO] [stdout] Some errors have detailed explanations: E0119, E0592.
[INFO] [stdout] 
[INFO] [stdout] For more information about an error, try `rustc --explain E0119`.
[INFO] [stdout] 
[INFO] [stderr] error: build failed
[INFO] running `Command { std: "docker" "inspect" "9de47ba47fefc59abed7dfa014f5eedde4a87a35e9bf1ca6122aa8f8d6c305fc", kill_on_drop: false }`
[INFO] running `Command { std: "docker" "rm" "-f" "9de47ba47fefc59abed7dfa014f5eedde4a87a35e9bf1ca6122aa8f8d6c305fc", kill_on_drop: false }`
[INFO] [stdout] 9de47ba47fefc59abed7dfa014f5eedde4a87a35e9bf1ca6122aa8f8d6c305fc
